me?
True
Is ((-19536)/352)/((-23)/10 + 2) composite?
True
Let s be (-108)/135*2605/1. Is (-3)/1 + s/(-2) a prime number?
True
Suppose 2*x = -3*t + 558, 744 = 9*t - 5*t + 5*x. Let i = t - 1. Is i a composite number?
True
Let k be (-9 - -10)/(2/4). Let h(n) = -2*n. Let g be h(-2). Is (-11)/((g/(-34))/k) prime?
False
Suppose 2*u + 47*g = 48*g + 31451, 3*u + 2*g - 47187 = 0. Is u composite?
False
Suppose -k + 89244 = 35*k. Is k a composite number?
True
Let o(i) = -12901*i + 200. Is o(-3) a composite number?
False
Let w = -57 - -212. Suppose -5*v - 9 = 2*j - 4, -25 = -2*j + 5*v. Suppose 3*k = 4*g + w, 118 = j*k - 3*k + g. Is k composite?
True
Suppose -2*r = -3*r - 2*m + 16, -2*r + 2*m = -20. Let v be -4*3*(-3)/r. Suppose -5*q + 499 + 442 = 4*i, -4*q + 752 = v*i. Is q prime?
False
Suppose 1036 = h + 5*n - 115, 0 = n. Is h a composite number?
False
Suppose 0 = -5*w - 3*h + h - 50, 2*w = -4*h - 4. Is 1461*6/w*-2 a prime number?
False
Is (61736 - (4 + -6))*2/4 prime?
True
Let s = 8 + -5. Suppose -4*y + 13 = -s. Suppose 1325 = i + y*i. Is i composite?
True
Let g = -2309 + 4768. Is g a composite number?
False
Suppose 4*d = -4*c + c + 4306, 2*c - 4 = 0. Suppose 5*j - 5*z - 5405 = 0, 0 = j - 0*z + z - d. Suppose 2*x = -4*m + 640 + j, -5*m - 4370 = -5*x. Is x composite?
True
Suppose 5*h - 10*h = -4*r + 27, 0 = 4*r - 4*h - 28. Let v(x) = x**3 + 9*x**2 - 10*x + 2. Let n be v(-10). Is (n/(-5))/(r/(-280)) prime?
False
Let r be 1540/715 + (-4)/26. Suppose -2*p + 6*p = 3*k - 12, 2*p + 4 = k. Is (r/k)/((-1)/(-470)) a prime number?
False
Let f(j) = j**2 - 10*j - 12. Let u be f(8). Let b = u - -63. Is b a composite number?
True
Suppose 5*w = 15 + 40. Suppose 4*y = 3*h - 6*h + 26, w = 3*h + y. Is -5 + h - -4*367 composite?
True
Let t(m) = 371*m - 182. Is t(33) composite?
True
Let l(u) = -u**2 + u - 5. Let p be l(-10). Let f = p + 438. Is f prime?
False
Suppose -5*i - 57 = -202. Let n = -2 + -5. Let z = n + i. Is z prime?
False
Let h(y) = 35*y**2 + 16*y + 24. Let q be h(13). Suppose -4*b + 8225 + q = 0. Is b a prime number?
True
Let y(f) = 218*f**2 - 2*f + 1. Suppose 4*u = -4*h - 4, 0 = 5*u + 3*h + 1 + 6. Is y(u) a composite number?
False
Suppose -2*c + 63 = 73. Is 1542*c*4/(-40) a prime number?
False
Let q be 19 + 19/((-209)/110). Let l(i) be the second derivative of -i**5/20 + 11*i**4/12 - 7*i**3/6 - 7*i**2 + i. Is l(q) a composite number?
True
Let r = 10395 + -3556. Is r a prime number?
False
Suppose -271*d + 291*d - 1048660 = 0. Is d composite?
False
Let m = 14128 + -7725. Is m a prime number?
False
Let c = 126972 + -87985. Is c a prime number?
False
Suppose -4*d - 4*k = d + 16, -3*k = d + 1. Is (-2 + 309)*(d + 5) prime?
True
Let a be 1 + -1 + -4 - -782. Suppose 8*x + a = 3*c + 3*x, -1230 = -5*c - 5*x. Is c a prime number?
True
Suppose -2*v - 123501 = -u, 2*u - 247007 = 3*v - 0*v. Is u a composite number?
True
Let t(i) = -i**3 + 6*i**2 - 2*i + 3. Let a be t(6). Let q(z) = 3*z**2 + 4*z - 4. Is q(a) a composite number?
True
Let r(h) = -h**3 - 5*h**2 - 3*h + 8. Let p be 3 + 4 + -4 + -7. Let n be r(p). Is n/4*-74*-1 prime?
False
Let l = 708 + 43115. Is l composite?
True
Let w = 90 + -68. Is w/(-4)*(-22 + -1 - 3) composite?
True
Let q be (-1)/(-2) - (-2)/4. Let i(a) = 162*a**3 + 3*a**2 + 0*a**2 - 2*a**2. Is i(q) a composite number?
False
Suppose 5*h = 3*o + 24, 2*h - o = -0*o + 10. Suppose 0 = 9*l - h*l. Suppose 8*w - 4*w - 5*u - 795 = l, -w + 210 = u. Is w a prime number?
False
Let z = 99 - 96. Suppose 5*c - z*n - 28424 = 0, 0 = -4*c + 3*n + 7030 + 15711. Is c a composite number?
False
Let q be 224/35 - (-2)/(-5). Let x be q/(-21) - 130/(-14). Is 1*-267*(-3)/x composite?
False
Let s be (38755 - 1)*2/6. Suppose 15*i = s + 1767. Is i a composite number?
True
Suppose 6*y - 10040 = 3*y - l, 2*y = -4*l + 6690. Is y a prime number?
True
Let t(b) = -b + 14. Let s be t(5). Suppose s*p - 265 = 4*p. Is p a composite number?
False
Suppose -701 = 4*n - 4309. Suppose -993 = -5*x + n. Is x a prime number?
True
Suppose 9*q = 14*q - 34495. Is q composite?
False
Is ((-1)/(-2))/((-2)/814992*-12) a prime number?
True
Let u = 2022 + -850. Suppose -5*q + u = -q. Let v = -202 + q. Is v composite?
True
Let u = 23 + -27. Is (-3 - u)*(-5730)/(-6) a composite number?
True
Let a be ((-39)/(-9))/((-8)/(-1512)). Let d = a + -1399. Let j = d - -1059. Is j a composite number?
False
Suppose 0 = 3*y - 5*y + 6. Is ((-4)/3 + 1)/(y/(-20907)) a composite number?
True
Suppose -5*o - 2 = -7. Let g(h) = 10*h**3 + h**2. Is g(o) a composite number?
False
Let f = 1188 - -2041. Is f a composite number?
False
Let p be ((-14)/3)/(2/3). Let o be (-795)/4 + p/28. Let l = o + 398. Is l composite?
False
Suppose 4*h + 2*b - 248 = 0, -5*b = -2*h + 8 + 116. Is h prime?
False
Suppose -2*o = -10, q = 4*q - 2*o - 17. Suppose -q = -3*k, -2*k + 408 = 3*c - 4*k. Suppose g - 53 - c = 0. Is g a prime number?
True
Let g(z) = -z**3 + 6*z**2 - 6*z. Let l be g(5). Let o(h) = 37*h**2 + 5*h + 19. Is o(l) composite?
False
Let q(m) = 156*m**2 + 2*m + 1. Let y(g) = 2*g**2 - g + 1. Let b be y(2). Let l = 9 - b. Is q(l) composite?
True
Let x(p) = p**2 + 10*p + 10. Let q be x(-10). Suppose 1153 = q*w + 43. Is w composite?
True
Let w(b) = b**2 + b - 1. Let f be w(-5). Let q = 38 - f. Is q prime?
True
Let v be 70/(-7)*-1*35. Suppose v + 95 = 5*h. Is h a composite number?
False
Let h(w) = w**3 - 2*w**2. Let j be h(2). Suppose -4*v + 3*x + 2673 = 8*x, 2*v + x - 1335 = j. Is v a prime number?
False
Suppose -4*k = 2*f - 16, -k = -2*f - 3*f + 7. Suppose 7 = -4*b - 2*l + k*l, -l = 5. Is 1/b + (-28)/(-3) a composite number?
True
Let i be 2 - (3 + 11/(-1)). Let u be 5/i + (-2)/4. Is 108 - (-9)/3 - u composite?
True
Let q be 0 + (1 - 2/(-2)). Suppose 0 = -7*x + q*x. Suppose n - 13 = -x*n. Is n composite?
False
Let v(o) = 2*o**2 - 3*o + 1776. Let l be v(0). Let f = -875 + l. Is f a prime number?
False
Suppose 0*a + 4*u + 34 = -2*a, 3*a - 4*u = -41. Let w = a + 23. Is (1052/(-16))/((-2)/w) composite?
False
Let r(k) be the second derivative of -16*k**3/3 + 7*k**2/2 - 30*k. Is r(-6) prime?
True
Suppose -65*d - 3046 = -66*d. Is d prime?
False
Let c(z) = -2*z + 3. Let k be c(2). Let r(f) = -2 + 5*f + 1 - 35*f - 30*f. Is r(k) a prime number?
True
Let l(n) = 2*n - 2. Let p be l(13). Suppose 0 = 4*s - p + 8. Is (217/s)/(1/4) a prime number?
False
Suppose -5*j + j - 1476 = 0. Let x(k) = k**3 - 151. Let t be x(0). Let d = t - j. Is d composite?
True
Suppose -8*n + 4264 = 4*g - 3*n, 2*g + 2*n = 2130. Suppose -3*j + 844 + g = 0. Is j a composite number?
True
Suppose 6512 = -656*y + 672*y. Is y prime?
False
Let g(l) = 2*l**2 + 20*l - 12. Let m be g(-10). Is ((-6)/m)/((-1)/(-514)) prime?
True
Let k(o) = o**3 + 6*o**2 - 2*o - 7. Let z be k(-6). Let p(w) = 2*w**3 - 5*w**2 + 3*w + 1. Is p(z) prime?
False
Let q be 9 + (69/(-21) - 10/(-35)). Suppose -3*x = q*x - 5067. Is x a prime number?
True
Suppose -2*x = 144 + 22. Suppose 3*o - 701 = -5*j, 0 = -3*o + 4*o - 4*j - 262. Let t = x + o. Is t prime?
False
Let k(c) = -4*c - 12. Let s be k(-3). Suppose s = -2*r + 6*r - 2020. Is r a composite number?
True
Let b be (2 - (-6)/2) + -3. Let c(z) = 9*z**2 - 2*z + 1. Let p be c(b). Is 2/(-11) - (-6309)/p a composite number?
False
Suppose -79*p = -52*p - 1112157. Is p a composite number?
True
Let f = 14 + 170. Let h = f + -98. Let k = -55 + h. Is k prime?
True
Suppose 0 = -h + 4*r + 8471, 0*h - 5*r - 76332 = -9*h. Is h prime?
False
Suppose -539*u + 25805 = -526*u. Is u a composite number?
True
Suppose 10*w - 3*l = 13*w - 10677, 3*w - 5*l = 10637. Is w composite?
True
Suppose -63 = -4*x + 4*k + k, -3*x - 2*k + 30 = 0. Suppose 4*o + 0*o = g + 9, 4*g = 4*o - x. Suppose m + m - 838 = o*t, t - 2095 = -5*m. Is m a prime number?
True
Is 2/6 - (-16800)/9 prime?
True
Let h(k) be the second derivative of -k**5/10 + 5*k**4/12 - 5*k**3/6 - 3*k**2 - 12*k. Is h(-5) a prime number?
False
Suppose 19*q = -34*q + 476099. Is q a composite number?
True
Let q(a) = a**2 + 3*a - 4. Let g be q(-3). Suppose -64*r + 123 = -61*r. Let y = r + g. Is y a prime number?
True
Let v = -107017 - -157328. Is v composite?
False
Let l be 10/25 + (-4566)/(-10). Let t = l - -30. Is t composite?
False
Suppose -281*h + 35589 = -278*h. Is h prime?
True
Let v(r) = -r**2 - 7*r - 3. Let c be v(-6). Let f be (-2 + c)*24/4.